9 + 1 + -3?
6
What is -8 + (0 + -4 - -8)?
-4
Evaluate -7 + (4 + -2 - -3).
-2
What is the value of 4 - ((5 - -1) + -9) - 14?
-7
What is 2 + -2 + 4 - (-3 + 2)?
5
What is the value of (-1 - 0 - (-5 + 7)) + 4?
1
What is the value of -10 - (9 + -24 - -8)?
-3
Calculate 3 - (4 + (2 + -3 - 0)).
0
Calculate -6 + 10 - (0 - 0 - -2).
2
Evaluate (4 - (3 - -2)) + 1.
0
10 - (17 + (-7 - -9))
-9
Evaluate 4 - (12 + (3 - 7)).
-4
What is 1 - (-1 - -4 - 2)?
0
Evaluate -5 - (3 - ((4 - 3) + 2)).
-5
-3 + (2 - -4 - (-8 + 6))
5
What is -2 + -12 + 4 + 5 - 0?
-5
Calculate 0 + -3 + (1 - -6) - 0.
4
What is -21 + 15 - (0 + 0)?
-6
Evaluate 2 - (-1 - (-4 + -2 + 9)).
6
3 + -2 + 3 + 5 + -4
5
Evaluate -30 - -19 - (-8 - (-2 + 0)).
-5
Evaluate -1 - (8 + 1 + 1).
-11
4 + -6 - (-7 - -1)
4
4 + -1 + 3 + -3
3
What is the value of -3 - (-1 + -2) - -4?
4
What is the value of -1 + (-11 - -8) + 1?
-3
Evaluate (2 - (0 - -4)) + -4 - 0.
-6
Evaluate 9 + (-8 - (-7 + 3)).
5
What is the value of 3 + 3 - 1 - (9 - 8)?
4
What is the value of -2 + 5 + -3 - -5?
5
Calculate -2 + 14 + -6 - -4.
10
Evaluate 1 - 0 - (20 + (-7 - 19)).
7
1 + 1 - ((3 - -1) + 2)
-4
What is -5 + -2 + 3 - (-2 - 5)?
3
Evaluate 1 + (0 - -5) + -4 - -1.
3
Evaluate 11 + 8 + -13 + 3.
9
What is the value of 11 + -9 - (0 - (-1 - 2))?
-1
(-12 - -7) + (-2 - (-3 - -1))
-5
What is the value of -15 - ((9 - 4) + -16)?
-4
Calculate (-2 - 0 - -2) + 4.
4
What is 2 + 5 + -1 + -41 + 34?
-1
Calculate 4 - (2 + -4 + 1) - 0.
5
Calculate 5 - (3 + -2 + 3).
1
What is -8 - (9 + -11) - (4 - 1)?
-9
Evaluate -2 + (6 - 6) + 0 - 2.
-4
What is 10 + -1 + -3 + -4?
2
What is the value of (17 - 0) + -5 - 16?
-4
Calculate -4 + 6 + -8 - 2.
-8
Evaluate (-1 - -2 - (18 - 23)) + -12.
-6
Evaluate -5 - (0 - 3 - -3).
-5
-9 + (16 - 8) - (0 - 4)
3
5 - -1 - (-28 + 36)
-2
Evaluate 0 + -8 + 0 + 10.
2
Evaluate 2 + 3 - (6 - 3) - 6.
-4
What is -28 + 17 - (-2 - 17)?
8
(2 - -3) + -1 + -2 + 2
4
0 + -1 + 3 + 4 - -2
8
What is 0 + -3 - (2 + -1 - -5)?
-9
What is the value of -2 + 7 + -12 + 3?
-4
Evaluate 5 - ((5 - (2 + 1)) + -2).
5
Calculate (-2 - -11 - 3) + -11.
-5
What is the value of -9 + (-7 - -12) - 2?
-6
Evaluate -4 + (4 - 10 - (-13 + 3)).
0
(57 - 66) + (3 - 1)
-7
-2 + (19 - 19 - (1 - 6))
3
(3 - 5) + 3 + 1
2
What is 3 - 0 - ((2 - 0) + 0)?
1
Evaluate 4 + 1 + (-2 - 0) + -1.
2
Evaluate -9 + 1 + 3 + 1.
-4
What is 4 - (6 + (3 + -3 - 3))?
1
Evaluate -3 + -5 + 11 + -5 + 7.
5
What is 2 - (9 - (-5 - (-5 - 3)))?
-4
Evaluate -2 + 3 + -12 + (7 - 0).
-4
What is the value of -6 - ((-4 - 0) + 8 + -7)?
-3
Calculate (3 - (1 + -3 + 9)) + 8.
4
Evaluate -20 - -18 - (0 - 7).
5
Calculate (3 - (1 + 1)) + -3 - -5.
3
What is the value of 4 - (-5 + 1 + 12)?
-4
What is -3 - ((7 - 11) + (-1 - -4))?
-2
What is 10 - (-1 + 2 + 9)?
0
What is the value of 2 + (5 - -3) + (5 - 14)?
1
What is ((0 - -2) + -5 - -5) + 4?
6
Evaluate (0 - 8) + 4 - (0 - 5).
1
(-5 - (-2 - 11)) + -2
6
Calculate -1 + 4 + 0 + 2 + -8.
-3
Calculate -2 + (-3 - -10) + -4.
1
Evaluate -2 + -2 + 1 + (7 - 7).
-3
What is the value of (2 - 6 - -7) + 1?
4
Calculate (8 - 4 - 4 - -4) + -6.
-2
7 - 5 - (-2 - -1)
3
-8 + 1 - (69 - 81)
5
Calculate 2 + 2 - (-2 + 6).
0
Evaluate -6 + 3 + (5 - 3) + 5.
4
Evaluate -11 + 9 - (2 - 1) - 0.
-3
What is (0 - 0) + -10 + 52 + -47?
-5
What is -15 + 9 + (10 - 2)?
2
What is the value of -24 + 21 - (-6 + 2)?
1
Calculate 2 - 1 - (-7 - -12).
-4
Evaluate 5 + (5 - (2 - -3)) - 7.
-2
Evaluate 5 + -14 + 18 + 0.
9
What is 5 + (-5 + (7 - 8) - 1)?
-2
Calculate -19 + 10 + 3 + 1.
-5
What is 0 + (-8 - -5) - 1 - -2?
-2
What is 2 + (1 - 3) + (-2 - 4)?
-6
What is 4 + (1 - 1) - 1 - -2?
5
What is 8 + -29 + 6 + 6?
-9
Calculate 3 - (10 - (4 - 1)) - -2.
-2
What is -1 + (-9 - -6) + 9?
5
0 + (5 - 4) + -3 + 4
2
Calculate 8 + -18 - (1 - 4).
-7
What is 5 + 9 + (0 - 6)?
8
Calculate -1 + -3 - -7 - (0 - 2).
5
Evaluate (-2 - (-8 + 2) - 3) + 0.
1
What is -39 - -23 - (2 + -13)?
-5
Evaluate 1 + 1 - ((5 - 2) + 0).
-1
What is the value of -4 + (10 + -7 - (2 - 1))?
-2
6 - (4 + (-7 - -7)) - 8
-6
2 + 15 + -9 - 6
2
Evaluate -1 + -4 + 1 + -1.
-5
0 - (2 + -3 - -2 - 5)
4
-9 + (7 - -2) - (-1 + 1)
0
Evaluate 0 - (-1 - (-1 - 2) - 5).
3
What is -1 + 5 + -9 + 5 - -3?
3
Calculate (11 - 8) + 1 + -1 + 2.
5
What is -2 + -1 + 0 - (-16 + 16)?
-3
11 + -4 - (8 - 6 - -2)
3
What is the value of -14 - -14 - (0 - 8) - 4?
4
What is the value of (-4 - (4 - 9)) + -2?
-1
What is the value of 14 - 18 - (-15 + 2)?
9
Evaluate 56 + -57 - (-7 - 0).
6
1 + 12 + -6 + -12 + 0
-5
What is the value of -5 + (-1 - (-20 + 9))?
5
What is 12 - 8 - -8 - 13?
-1
Calculate 4 + 1 + (-2 - 0).
3
Calculate 2 + (2 - 7) - (4 - 1).
-6
1 + -1 + -4 - -4
0
Calculate (-8 - (-7 + 4)) + 14 + -4.
5
5 + -2 + 0 + 1
4
What is (-1 - 2) + (9 - 7) - 2?
-3
Calculate 4 + -6 + -5 - -4.
-3
-2 + 9 - (15 - 6)
-2
Evaluate -1 + 6 + -4 + 1 + 2.
4
What is the value of 1 + -8 + (13 - 2)?
4
0 + (3 - -1) + (-30 - -18)
-8
What is (-9 - -14) + -1 + 2?
6
Evaluate 42 + -27 + 2 + -12.
5
What is the value of 9 - (4 + (8 - 6))?
3
Calculate -4 + (4 - -1) + 3.
4
What is (-1 - -3) + (3 - (-1 - -9))?
-3
What is (8 - (-7 + 11)) + -7?
-3
What is 4 - (9 + (-5 - 7))?
7
What is the value of 5 - ((10 - 7) + -1)?
3
Evaluate -4 - (12 + -7) - -18.
9
What is the value of 22 - 26 - (-1 - 4)?
1
What is the value of (-24 - -22) + (-1 - (0 + 0))?
-3
What is (14 - (-27 - -50)) + (-2 - -1)?
-10
Evaluate -3 + (8 - (4 + 5)).
-4
What is 8 + -7 + 7 - 8?
0
What is (1 - -3 - 9) + 10?
5
What is the value of 0 + 1 + (28 - 37)?
-8
What is the value of (2 - 4) + (0 - -1)?
-1
(3 - 7 - -3) + -9 + 7
-3
-2 - ((11 - 5) + -4)
-4
What is -181 + 182 + (6 - (2 + -4))?
9
Evaluate -1 + 3 - ((4 - 0) + -1).
-1
Evaluate 6 - (1 + -4 + 14).
-5
-1 - -3 - (2 + -2 + 4)
-2
What is the value of (20 + -5 - 3) + (-6 - -1)?
7
What is the value of -1 + (2 - -3) + -1?
3
Calculate (-2 - -7) + (9 - 9) - 0.
5
Evaluate 0 + (-2 - -5 - 1).
2
What is -1 - -2 - (2 + -8 - -2)?
5
What is 2 - (-2 + 10 + -2) - 0?
-4
3 - 4 - 1 - (-9 + 7)
0
What is the value of 5 + -2 + -3 + 5?
5
4 + (-8 - -2) + -1
-3
What is the value of -4 + -4 + (-3 + 3 - -10)?
2
Calculate 3 + 1 + -5 - (-2 + -1).
2
Calculate -1 + 0 + -2 + 0 - -2.
-1
-10 + 28 + -10 + -11
-3
What is 4 + -4 + (-8 - -12)?
4
What is the value of (5 - 10) + (0 - (-3 + 2))?
-4
What is -2 - (-2 + 0 + -2)?
2
What is the value of 4 - 2 - 0 - (-65 + 60)?
7
Calculate 1 + 1 - ((3 - 1) + 1).
-1
Calculate -6 + -1 + (3 - 1).
-5
What is -1 + 1 + 10 + -11?
-1
Evaluate (0 - -1) + 6 + 1 + -4.
4
8 + -10 + -2 + -1 + -1
-6
Evaluate (4 + 2 - 12) + 2.
-4
Evaluate -11 - 2 - (-45 + 25).
7
What is -6 - (-1 + -4 - 4)?
3
Calculate 4 + -5 - 6 - (1 + -16).
8
Evaluate (-5 - -14) + (-9 - (-2 + -2)).
4
What is -5 + (0 - (-2 - (-3 - -1)))?
-5
Calculate -4 + -1 + 4 + -1.
-2
Calculate (-1 - (-3 - -2)) + -2.
-2
Evaluate -5 - (4 + 6 + -5 + -8).
-2
What is (-7 - -6) + (2 - -1)?
2
What is 4 + -7 + (0 - -3)?
0
What is the value of 10 - 8 - (-3 - 0 - 0)?
5
(12 - 7) + (0 - 0)
5
Calculate 7 + (11 - -5) + -7 + -7.
9
What is 2 - -1 - 4 - (3 + 0)?
-4
Calculate -7 + -6 + 1 - -7.
-5
What is the value of 2 - (6 - 5 - 2 - -7)?
-4
What is 1 - (-10 + 8) - -6?
9
Calculate -8 + (2 + 0 - (-7 + 4)).
-3
Calculate 3 - (-2 + 5 + -9 - -4).
5
What is the value of -10 + 5 - -1 - -1?
-3
What is the value of 7 + 0 + -4 - 1?
2
What is the value of 4 - (3 - -12 - 8)?
-3
Calculate -9 + -1 + 17 - (5 - 0).
2
What is (7 - 9) + (2 - (-1 + 1))?
0
Calculate (-1 - 2) + -1 - (-7 + 2).
1
Calculate -4 + (-1 - -5) - 3.
-3
What is the value of 1 - 8 - (0 + -4 - -2)?
-5
What is the value of -4 - (-7 - (6 - 13))?
-4
What is the value of -2 - -2 - (2 + 3)?
-5
-1 + -1 + -2 + (10 - 4)
2
Calculate 16 - (3 - (-11 + 3)).
5
5 + (4 - (8 - 3) - 7)
-3
4 + (-21 - -15) + (7 - 1)
4
What is the value of 9 - 2 - (-4 - (-1 + -3))?
7
What is 1 - (5 - (-1 + (2 - -3)))?
0
8 + 3 + -7 + -2
2
0 + -3 + -2 + (-1 - -1)
-5
What is 4 - 1 - 1 - (-19 + 16)?
5
What is the value of (-1 + -1 - (-3 - 2)) + -2?
1
What is 4 + (-2 - 3) + -3?
-4
What is (-3 - (0 - 0)) + (-2 - -1)?
-4
Calculate 0 + (-16 - (-19 - -9)).
-6
-2 - (6 - (27 - 11))
8
Calculate (-3 - -3) + -1 + 1 + 2.
2
What is (-145 - -132) + (1 - -1)?
-11
What is -7 + (0 - -12) - 10?
-5
Calculate 0 + 0 - (-15 - -12) - -1.
4
Calculate 29 + -22 - (-2 + 5).
4
Calculate -8 + 1 - (-14 + (-4 - -7)).
4
Evaluate 0 + 6 + (2 - 4).